. Let d = 522 - x. List the prime factors of d.
3, 13
Suppose -5*u = -2*x + 1029, 5*x - 1438 = u + 1192. Let j = x - 347. List the prime factors of j.
2, 3, 5
Let x(l) = l**2 + 8*l + 39. Let g(m) = -2*m**2 + 33*m - 4. Let t be g(11). Let v = 128 - t. List the prime factors of x(v).
2, 31
Suppose 4*x - 2088 = 4*f, -2*x + 3*x = 2*f + 1049. Let a = f - -1191. List the prime factors of a.
2, 83
Suppose -5*m - 21390 = -3*h - 0*m, -5*h + 35628 = -m. Suppose 14*p + h - 1707 = 0. Let w = -239 - p. What are the prime factors of w?
2, 37
Suppose 0 = q - 3 + 3. Suppose 3*v - l + 62 = q, v - 2*v - l - 18 = 0. What are the prime factors of -4*(-3)/48 - 3015/v?
151
List the prime factors of (-292)/(-876)*(-190734)/(-2).
83, 383
What are the prime factors of (-1 - 6/(-9)) + 0 + 158385/9?
2, 3, 7, 419
Let g(q) = -4*q**3 + 10*q**2 + 5*q + 9. Let y(h) = h**3 - h**2. Let o(n) = -g(n) - 5*y(n). Let k be o(-3). What are the prime factors of -16*(-3)/k*-17?
2, 17
Let d(p) = -3*p**3 - 6*p**2 - 3*p. Let n(h) = h**2 - 7*h + 8. Let j be n(4). Let f be d(j). Suppose f - 403 = -5*b. List the prime factors of b.
59
Let v(d) = -9*d - 5. Suppose -5*g + 5 = 2*k + 2, 25 = -5*g + 5*k. Let p be v(g). List the prime factors of (103/p)/(10/80).
2, 103
Suppose -76*p - k = -71*p - 31899, 4*p - 25525 = 5*k. What are the prime factors of p?
2, 5, 11, 29
Suppose -18*r - 84*r - 457629 = -1242213. What are the prime factors of r?
2, 3, 641
Suppose -5*i + 17025 = c, 4*c + 2*i - 23772 - 44202 = 0. What are the prime factors of c?
2, 5, 1699
Let l(b) = 25*b + 96. Let x be l(-4). List the prime factors of x/(-10) + 36792/45 + 10.
2, 3, 23
Let z(l) be the third derivative of 11*l**6/120 - l**5/15 - l**4/8 - l**3/2 - 3*l**2 + 7*l. List the prime factors of z(4).
5
What are the prime factors of (15158 + 2)*150/400?
3, 5, 379
Suppose 0 = 11*h - 2386 - 5094. Let c = 818 - h. List the prime factors of c.
2, 3, 23
Suppose 2*x = 5*z - 32487, 3*z + 4*x = 1723 + 17790. What are the prime factors of z?
67, 97
Let u(r) = 2*r**2 - 2*r + 20. Suppose 0 = i - 0*i - 5*s + 26, 3*i - s + 36 = 0. What are the prime factors of u(i)?
2, 71
List the prime factors of 462396/9 - 13/39.
83, 619
Let w be 25/9 - (-4 - (-272)/72). Suppose 0 = -w*x - u + 394, 3*x + 4*u = 79 + 327. List the prime factors of x.
2, 5, 13
Let q = -609 + 614. Suppose -q*b + 18 + 6832 = 0. List the prime factors of b.
2, 5, 137
Let p be (1 + -2)*(-1 + 0)*7. Let t be -2 + (0 - 1) + (-171 - p). Let o = 270 + t. List the prime factors of o.
89
Let s = 5844 + -5435. List the prime factors of s.
409
Let y be (-5013)/(-12) + 29/116. Let c = 810 - y. What are the prime factors of c?
2, 7
Let o be (6/9)/((-140)/36 - -4). Suppose -1480 = -11*d + o*d. What are the prime factors of d?
2, 37
Let f(a) = a**3 + 6*a**2 - 8*a + 6. Let j be f(-6). Suppose 2*z - j = 3*z. What are the prime factors of 1*(-1*(-1 + -2) - z)?
3, 19
Let c(g) = -411*g + 3081. List the prime factors of c(-39).
2, 3, 5, 7, 13
Suppose -5*d + 125 = 30. Let v = -3 + d. Let m = 35 - v. List the prime factors of m.
19
Let x = -25 + 49. Let q = x - 19. Suppose 65 = 2*d - 3*m, 3*d - q*m = 8*d - 150. What are the prime factors of d?
31
Let n(v) = -v - 4. Let m be -5 + ((-2)/3)/(6/(-9)). Let q be n(m). Suppose 3*d + 9*d - 2784 = q. List the prime factors of d.
2, 29
Let v(x) = -x**3 + 32*x**2 + 3*x + 41. What are the prime factors of v(17)?
19, 233
Suppose 25*p - 675045 = 6*p - 16*p. List the prime factors of p.
3, 2143
Suppose -79*b = -109*b + 27630. Let h = 1128 - b. List the prime factors of h.
3, 23
Suppose -3*l + 1021 = -1466. Suppose l = -7*o + 3370. List the prime factors of o.
3, 11
Let d = -420 - -424. List the prime factors of (6 + (-1407)/(-6))*d.
2, 13, 37
List the prime factors of 256/(-3968) + 692172/62 + 1.
5, 7, 11, 29
Suppose 16 = -11*h - 72. Let g be (-7 - -3)/(h/(-356)). Let u = -127 - g. What are the prime factors of u?
3, 17
Let t(x) = 10*x**2 + 32*x - 50. What are the prime factors of t(33)?
2, 1487
Let y = 321 + -324. Let p(c) = -153*c - 54. List the prime factors of p(y).
3, 5
Suppose -3*q = 2*q - 20. Suppose q*o - r + 3*r = 0, o = -2*r + 3. What are the prime factors of o/4 + ((-3387)/(-12))/1?
2, 3, 47
Suppose -335043 = -12*p - 44871. List the prime factors of p.
24181
Let g = -71 - 4. Let a = g + 343. Let u = a + -112. What are the prime factors of u?
2, 3, 13
Let b = 45 - 39. Suppose -b*a + 5*a + 31 = 5*d, 3*a = -5*d + 33. Suppose u = -d + 45. List the prime factors of u.
3, 13
Let z be (-2)/(-3) - (-1)/6*8. Let s be (z + -7)*18/(-10). Suppose s*j + 245 = 893. What are the prime factors of j?
2, 3
Let v = -2281 - 5003. What are the prime factors of -3 + v/(-26) + (-8)/52?
277
Let y = -28553 - -49189. What are the prime factors of y?
2, 7, 11, 67
List the prime factors of ((-25)/15)/(90/(-70524)).
2, 653
Suppose -170 = 4*f + 5*h, -2*h = -5*f + h - 194. Let p = f + 35. List the prime factors of (234 - -3 - -2) + p.
2, 3, 13
What are the prime factors of (612/510 - 4494/20)/(3/(-242))?
11, 149
Let c(d) = 7*d + 30. Let x be c(-13). Let v = x + 58. What are the prime factors of 523/7 + ((-76)/28 - v)?
3, 5
Let w be (-20)/25 + 1 + 239/5. Let f = w + -49. Let h(z) = 158*z**2. List the prime factors of h(f).
2, 79
Suppose b - 334 + 49 = 0. Suppose 457 = q - b. Suppose 8*p - 370 - q = 0. List the prime factors of p.
139
Suppose 380*z - 381*z + 46731 = 3*y, y - 5*z - 15561 = 0. What are the prime factors of y?
2, 3, 11, 59
Suppose 10*d + 3*d = 52. Suppose 19*h = d*h + 1815. What are the prime factors of h?
11
Let h(b) = 38*b - 19. Suppose -2*p - 5*j = -2*j - 1, 0 = p + 2*j. Suppose l - 2 = p. List the prime factors of h(l).
7, 19
Suppose f = -4*r + 103869, -2*r + 5*f = 3052 - 54959. List the prime factors of r.
2, 12983
Let a = 4871 - 3383. Suppose 15*l - 9*l - a = 0. Suppose 12*d = 16*d - l. What are the prime factors of d?
2, 31
Let b(m) = -9*m - 21. Let a be b(-3). Suppose 2*k - n - 1 = 0, -5*k + 5 = -5*n + 3*n. Suppose a*l - k*l = 180. What are the prime factors of l?
2, 3, 5
Let k = -1268 + 13100. What are the prime factors of k?
2, 3, 17, 29
Suppose 17*p = 128577 + 86881. List the prime factors of p.
2, 6337
Suppose t + 52 - 58 = 0. Suppose 10*p = t*p - 448. What are the prime factors of (p/(-24))/(2*(-2)/(-120))?
2, 5, 7
Suppose 0 = 3*r - 6. Suppose -6 = 5*z + 4*y - 0, -r*z - 4*y = 0. What are the prime factors of ((-34)/z + 3)*(-42)/(-4)?
2, 3, 5, 7
Suppose -285 = -4*m + 6*p - p, 4*m - 4*p = 284. What are the prime factors of (m/(-15))/(2/(-39))?
7, 13
Let d(i) = -2*i**3 - 23*i**2 + 2*i + 4. Let n(o) = 4*o**3 + 47*o**2 - 5*o - 8. Let b(p) = 5*d(p) + 3*n(p). What are the prime factors of b(-11)?
5, 107
Let q be (24/10 + -3)*10. Let j(h) = -h**3 + 7*h**2 - 5*h + 20. Let p be j(q). Let f = p - 241. What are the prime factors of f?
277
Let b(t) = 91*t**2 - 22*t - 154. What are the prime factors of b(-7)?
7, 13
Suppose 174*n = 9*n + 5189415. What are the prime factors of n?
7, 4493
Let p(k) = 10*k**2 - 23*k + 1. List the prime factors of p(32).
5, 1901
Let f be (1 + 53/1)*(-12)/(-18). Let m be -1 + 5 + -2 + 3. List the prime factors of (-10)/m - f/(-4).
7
Let x(d) = -d**2 + 3*d + 9. Suppose -6*j = -2*j - 16. Let n be x(j). Suppose 3*w - 27 = -3*l, 0 = -n*w - 2*l - 2 + 50. List the prime factors of w.
2, 5
Let v(n) = -9*n**2 - 10*n**2 + 0*n**2 + 9*n**2 - 3 - 2*n. Let k be v(-1). Let g(y) = -y**3 - 9*y**2 + 16*y + 22. List the prime factors of g(k).
2, 11
Let l be (-228)/(-24) - (-2)/(-4). Let w(r) = -r**3 + 12*r**2 + 8*r + 18. What are the prime factors of w(l)?
3, 37
Let b = 117 - 0. Let a = 120 - b. Suppose -3*q + a*r = -729, 4*q + 0*r - 942 = -2*r. What are the prime factors of q?
2, 7, 17
Let n(w) = w**3 - 7*w**2 - 2*w. Let b(i) = 16*i + 4. Let j be b(-2). Let h = j + 36. What are the prime factors of n(h)?
2, 3
Let i(y) = -2*y**3 + 6*y**2 + 15*y + 9. Suppose p - 3 = 0, 20*z - 4*p + 36 = 16*z. List the prime factors of i(z).
3, 7
Suppose 2*u + 5*x = 11, -5*u = -u + 2*x - 14. Let q(c) = 5*c**3 - c - 4*c**3 - 6*c**3 + 7 + 8*c**3 - c**2. List the prime factors of q(u).
2, 19
Let q(l) = -2*l**3 + 31*l**2 - 22*l + 39. List the prime factors of q(13).
2, 13, 23
Suppose -33 = -4*i + 75. Let p = i - -230. Suppose 14*w - 891 - p = 0. What are the prime factors of w?
2, 41
S